{"id":498,"date":"2025-09-16T13:05:05","date_gmt":"2025-09-16T11:05:05","guid":{"rendered":"https:\/\/xn--lascne-6ua.be\/?post_type=tribe_events&#038;p=498"},"modified":"2025-09-16T13:05:05","modified_gmt":"2025-09-16T11:05:05","slug":"atelier-ecriture-by-noemie","status":"publish","type":"tribe_events","link":"https:\/\/xn--lascne-6ua.be\/index.php\/agenda\/atelier-ecriture-by-noemie\/","title":{"rendered":"Atelier \u00e9criture by No\u00e9mie"},"content":{"rendered":"<p data-start=\"104\" data-end=\"169\"><strong data-start=\"104\" data-end=\"167\">Atelier d\u2019\u00e9criture \u2013 Accueillir l\u2019automne, d\u00e9poser les mots<\/strong><\/p>\n<p data-start=\"171\" data-end=\"405\">Cet atelier propose un temps de pause et d\u2019introspection. Ensemble, nous commencerons par remercier et int\u00e9grer ce qui a \u00e9t\u00e9 v\u00e9cu pendant l\u2019\u00e9t\u00e9, avant d\u2019accueillir pleinement la nouvelle saison, son \u00e9nergie et sa palette d\u2019\u00e9motions.<\/p>\n<p data-start=\"407\" data-end=\"736\">\u00c0 travers des exercices d\u2019\u00e9criture guid\u00e9e, nous reviendrons \u00e0 l\u2019int\u00e9rieur de nous-m\u00eames pour d\u00e9poser les mots, faire le point et ouvrir l\u2019espace aux d\u00e9sirs des mois \u00e0 venir.<br data-start=\"580\" data-end=\"583\" \/>Deux questions guideront ce moment :<br data-start=\"619\" data-end=\"622\" \/>\u2013 \u00ab Comment je me sens, en cette fin de mois ? \u00bb<br data-start=\"670\" data-end=\"673\" \/>\u2013 \u00ab Qu\u2019est-ce que je d\u00e9sire pour les trois prochains mois ? \u00bb<\/p>\n<p data-start=\"738\" data-end=\"826\">Un rendez-vous pour ressentir, \u00e9crire, et tracer le fil entre bilan et nouveaux \u00e9lans.<\/p>\n<p data-start=\"738\" data-end=\"826\">Dimanche 28 septembre, 14h \u00e0 16h, 15\u20ac paiement sur place<\/p>\n","protected":false},"excerpt":{"rendered":"<p>Atelier d\u2019\u00e9criture \u2013 Accueillir l\u2019automne, d\u00e9poser les mots Cet atelier propose un temps de pause et d\u2019introspection. Ensemble, nous commencerons par remercier et int\u00e9grer ce qui a \u00e9t\u00e9 v\u00e9cu pendant l\u2019\u00e9t\u00e9, avant d\u2019accueillir pleinement la nouvelle saison, son \u00e9nergie et sa palette d\u2019\u00e9motions. \u00c0 travers des exercices d\u2019\u00e9criture guid\u00e9e, nous reviendrons \u00e0 l\u2019int\u00e9rieur de nous-m\u00eames pour d\u00e9poser les mots, faire le point et ouvrir l\u2019espace aux d\u00e9sirs des mois \u00e0 venir.Deux questions guideront ce moment :\u2013 \u00ab Comment je me sens, en cette fin de mois ? \u00bb\u2013 \u00ab Qu\u2019est-ce que je d\u00e9sire pour les trois prochains mois ? \u00bb Un rendez-vous pour ressentir, \u00e9crire, et tracer le fil entre bilan et nouveaux \u00e9lans. Dimanche 28 septembre, 14h \u00e0 16h, 15\u20ac paiement sur place<\/p>\n","protected":false},"author":3,"featured_media":499,"template":"","meta":{"_eb_attr":"","_price":"","_stock":"","_tribe_ticket_header":"","_tribe_default_ticket_provider":"","_ticket_start_date":"","_ticket_end_date":"","_tribe_ticket_show_description":"","_tribe_ticket_show_not_going":false,"_tribe_ticket_use_global_stock":"","_tribe_ticket_global_stock_level":"","_global_stock_mode":"","_global_stock_cap":"","_tribe_rsvp_for_event":"","_tribe_ticket_going_count":"","_tribe_ticket_not_going_count":"","_tribe_tickets_list":"[]","_tribe_ticket_has_attendee_info_fields":false,"_tribe_events_status":"","_tribe_events_status_reason":"","footnotes":"","_tec_slr_enabled":"","_tec_slr_layout":""},"tags":[],"tribe_events_cat":[],"class_list":["post-498","tribe_events","type-tribe_events","status-publish","has-post-thumbnail","hentry"],"ticketed":false,"_links":{"self":[{"href":"https:\/\/xn--lascne-6ua.be\/index.php\/wp-json\/wp\/v2\/tribe_events\/498","targetHints":{"allow":["GET"]}}],"collection":[{"href":"https:\/\/xn--lascne-6ua.be\/index.php\/wp-json\/wp\/v2\/tribe_events"}],"about":[{"href":"https:\/\/xn--lascne-6ua.be\/index.php\/wp-json\/wp\/v2\/types\/tribe_events"}],"author":[{"embeddable":true,"href":"https:\/\/xn--lascne-6ua.be\/index.php\/wp-json\/wp\/v2\/users\/3"}],"version-history":[{"count":1,"href":"https:\/\/xn--lascne-6ua.be\/index.php\/wp-json\/wp\/v2\/tribe_events\/498\/revisions"}],"predecessor-version":[{"id":500,"href":"https:\/\/xn--lascne-6ua.be\/index.php\/wp-json\/wp\/v2\/tribe_events\/498\/revisions\/500"}],"wp:featuredmedia":[{"embeddable":true,"href":"https:\/\/xn--lascne-6ua.be\/index.php\/wp-json\/wp\/v2\/media\/499"}],"wp:attachment":[{"href":"https:\/\/xn--lascne-6ua.be\/index.php\/wp-json\/wp\/v2\/media?parent=498"}],"wp:term":[{"taxonomy":"post_tag","embeddable":true,"href":"https:\/\/xn--lascne-6ua.be\/index.php\/wp-json\/wp\/v2\/tags?post=498"},{"taxonomy":"tribe_events_cat","embeddable":true,"href":"https:\/\/xn--lascne-6ua.be\/index.php\/wp-json\/wp\/v2\/tribe_events_cat?post=498"}],"curies":[{"name":"wp","href":"https:\/\/api.w.org\/{rel}","templated":true}]}}

Atelier écriture by Noémie

<p data-start="104" data-end="169"><strong data-start="104" data-end="167">Atelier d’écriture – Accueillir l’automne, déposer les mots</strong></p>
<p data-start="171" data-end="405">Cet atelier propose un temps de pause et d’introspection. Ensemble, nous commencerons par remercier et intégrer ce qui a été vécu pendant l’été, avant d’accueillir pleinement la nouvelle saison, son énergie et sa palette d’émotions.</p>
<p data-start="407" data-end="736">À travers des exercices d’écriture guidée, nous reviendrons à l’intérieur de nous-mêmes pour déposer les mots, faire le point et ouvrir l’espace aux désirs des mois à venir.<br data-start="580" data-end="583" />Deux questions guideront ce moment :<br data-start="619" data-end="622" />– « Comment je me sens, en cette fin de mois ? »<br data-start="670" data-end="673" />– « Qu’est-ce que je désire pour les trois prochains mois ? »</p>
<p data-start="738" data-end="826">Un rendez-vous pour ressentir, écrire, et tracer le fil entre bilan et nouveaux élans.</p>
<p data-start="738" data-end="826">Dimanche 28 septembre, 14h à 16h, 15€ paiement sur place</p>

<p>Atelier d’écriture – Accueillir l’automne, déposer les mots Cet atelier propose un temps de pause et d’introspection. Ensemble, nous commencerons par remercier et intégrer ce qui a été vécu pendant l’été, avant d’accueillir pleinement la nouvelle saison, son énergie et sa palette d’émotions. À travers des exercices d’écriture guidée, nous reviendrons à l’intérieur de nous-mêmes pour déposer les mots, faire le point et ouvrir l’espace aux désirs des mois à venir.Deux questions guideront ce moment :– « Comment je me sens, en cette fin de mois ? »– « Qu’est-ce que je désire pour les trois prochains mois ? » Un rendez-vous pour ressentir, écrire, et tracer le fil entre bilan et nouveaux élans. Dimanche 28 septembre, 14h à 16h, 15€ paiement sur place</p>
