{"id":613,"date":"2025-10-16T20:32:37","date_gmt":"2025-10-16T18:32:37","guid":{"rendered":"https:\/\/xn--lascne-6ua.be\/?post_type=tribe_events&#038;p=613"},"modified":"2025-10-16T20:40:21","modified_gmt":"2025-10-16T18:40:21","slug":"613","status":"publish","type":"tribe_events","link":"https:\/\/xn--lascne-6ua.be\/index.php\/agenda\/613\/","title":{"rendered":"Talent Show 21\/10 &#8211; Brad Kas \/ Bader \/ Rland \/ Sam Panda"},"content":{"rendered":"<p>Nouveau mardi, nouveaux talents !<\/p>\n<p>@kbradley_ Artiste bruxellois passionn\u00e9 par le chant, il adore faire des m\u00e9langes de so\u00fbl, rnb, pop qu&rsquo;il combine avec l&rsquo;afro<\/p>\n<p>@rland4real artiste de la sc\u00e8ne bruxelloise et grand activiste de la culture hip-hop. Entre rap et trap, entre rue et introspection, RLAND transforme le r\u00e9el en art<\/p>\n<p>@its.rapsampanda artiste soudanais, rap en arabe, raconte \u00e0 travers son rap drill, son v\u00e9cu, celui des autres, l&rsquo;histoire de ceux qui luttent pour un monde meilleur<\/p>\n<p>@bader_kanjae artiste belgo-marocain, il fusionne les sonorit\u00e9s francophones et arabes dans une musique rythm\u00e9e et solaire. Entre m\u00e9lodies entra\u00eenantes et \u00e9nergie festive, il cr\u00e9e un univers vibrant qui fait danser et transmet la joie de vivre<\/p>\n<p>R\u00e9servez vos places !<\/p>\n<p>&nbsp;<\/p>\n<p><a href=\"https:\/\/www.billetweb.fr\/talent-show-21-10-brad-kas-bader-rland-sam-panda\">https:\/\/www.billetweb.fr\/talent-show-21-10-brad-kas-bader-rland-sam-panda<\/a><\/p>\n","protected":false},"excerpt":{"rendered":"<p>Nouveau mardi, nouveaux talents ! @kbradley_ Artiste bruxellois passionn\u00e9 par le chant, il adore faire des m\u00e9langes de so\u00fbl, rnb, pop qu&rsquo;il combine avec l&rsquo;afro @rland4real artiste de la sc\u00e8ne bruxelloise et grand activiste de la culture hip-hop. Entre rap et trap, entre rue et introspection, RLAND transforme le r\u00e9el en art @its.rapsampanda artiste soudanais, rap en arabe, raconte \u00e0 travers son rap drill, son v\u00e9cu, celui des autres, l&rsquo;histoire de ceux qui luttent pour un monde meilleur @bader_kanjae artiste belgo-marocain, il fusionne les sonorit\u00e9s francophones et arabes dans une musique rythm\u00e9e et solaire. Entre m\u00e9lodies entra\u00eenantes et \u00e9nergie festive, il cr\u00e9e un univers vibrant qui fait danser et transmet la joie de vivre R\u00e9servez vos places ! &nbsp; https:\/\/www.billetweb.fr\/talent-show-21-10-brad-kas-bader-rland-sam-panda<\/p>\n","protected":false},"author":2,"featured_media":619,"template":"","meta":{"_eb_attr":"","_price":"","_stock":"","_tribe_ticket_header":"","_tribe_default_ticket_provider":"","_ticket_start_date":"","_ticket_end_date":"","_tribe_ticket_show_description":"","_tribe_ticket_show_not_going":false,"_tribe_ticket_use_global_stock":"","_tribe_ticket_global_stock_level":"","_global_stock_mode":"","_global_stock_cap":"","_tribe_rsvp_for_event":"","_tribe_ticket_going_count":"","_tribe_ticket_not_going_count":"","_tribe_tickets_list":"[]","_tribe_ticket_has_attendee_info_fields":false,"_tribe_events_status":"","_tribe_events_status_reason":"","footnotes":"","_tec_slr_enabled":"","_tec_slr_layout":""},"tags":[],"tribe_events_cat":[],"class_list":["post-613","tribe_events","type-tribe_events","status-publish","has-post-thumbnail","hentry"],"ticketed":false,"_links":{"self":[{"href":"https:\/\/xn--lascne-6ua.be\/index.php\/wp-json\/wp\/v2\/tribe_events\/613","targetHints":{"allow":["GET"]}}],"collection":[{"href":"https:\/\/xn--lascne-6ua.be\/index.php\/wp-json\/wp\/v2\/tribe_events"}],"about":[{"href":"https:\/\/xn--lascne-6ua.be\/index.php\/wp-json\/wp\/v2\/types\/tribe_events"}],"author":[{"embeddable":true,"href":"https:\/\/xn--lascne-6ua.be\/index.php\/wp-json\/wp\/v2\/users\/2"}],"version-history":[{"count":2,"href":"https:\/\/xn--lascne-6ua.be\/index.php\/wp-json\/wp\/v2\/tribe_events\/613\/revisions"}],"predecessor-version":[{"id":615,"href":"https:\/\/xn--lascne-6ua.be\/index.php\/wp-json\/wp\/v2\/tribe_events\/613\/revisions\/615"}],"wp:featuredmedia":[{"embeddable":true,"href":"https:\/\/xn--lascne-6ua.be\/index.php\/wp-json\/wp\/v2\/media\/619"}],"wp:attachment":[{"href":"https:\/\/xn--lascne-6ua.be\/index.php\/wp-json\/wp\/v2\/media?parent=613"}],"wp:term":[{"taxonomy":"post_tag","embeddable":true,"href":"https:\/\/xn--lascne-6ua.be\/index.php\/wp-json\/wp\/v2\/tags?post=613"},{"taxonomy":"tribe_events_cat","embeddable":true,"href":"https:\/\/xn--lascne-6ua.be\/index.php\/wp-json\/wp\/v2\/tribe_events_cat?post=613"}],"curies":[{"name":"wp","href":"https:\/\/api.w.org\/{rel}","templated":true}]}}

<p>Nouveau mardi, nouveaux talents !</p>
<p>@kbradley_ Artiste bruxellois passionné par le chant, il adore faire des mélanges de soûl, rnb, pop qu&rsquo;il combine avec l&rsquo;afro</p>
<p>@rland4real artiste de la scène bruxelloise et grand activiste de la culture hip-hop. Entre rap et trap, entre rue et introspection, RLAND transforme le réel en art</p>
<p>@its.rapsampanda artiste soudanais, rap en arabe, raconte à travers son rap drill, son vécu, celui des autres, l&rsquo;histoire de ceux qui luttent pour un monde meilleur</p>
<p>@bader_kanjae artiste belgo-marocain, il fusionne les sonorités francophones et arabes dans une musique rythmée et solaire. Entre mélodies entraînantes et énergie festive, il crée un univers vibrant qui fait danser et transmet la joie de vivre</p>
<p>Réservez vos places !</p>
<p>&nbsp;</p>
<p><a href="https://www.billetweb.fr/talent-show-21-10-brad-kas-bader-rland-sam-panda">https://www.billetweb.fr/talent-show-21-10-brad-kas-bader-rland-sam-panda</a></p>

<p>Nouveau mardi, nouveaux talents ! @kbradley_ Artiste bruxellois passionné par le chant, il adore faire des mélanges de soûl, rnb, pop qu&rsquo;il combine avec l&rsquo;afro @rland4real artiste de la scène bruxelloise et grand activiste de la culture hip-hop. Entre rap et trap, entre rue et introspection, RLAND transforme le réel en art @its.rapsampanda artiste soudanais, rap en arabe, raconte à travers son rap drill, son vécu, celui des autres, l&rsquo;histoire de ceux qui luttent pour un monde meilleur @bader_kanjae artiste belgo-marocain, il fusionne les sonorités francophones et arabes dans une musique rythmée et solaire. Entre mélodies entraînantes et énergie festive, il crée un univers vibrant qui fait danser et transmet la joie de vivre Réservez vos places ! &nbsp; https://www.billetweb.fr/talent-show-21-10-brad-kas-bader-rland-sam-panda</p>
